

{"id":2326,"date":"2025-02-10T19:43:54","date_gmt":"2025-02-10T18:43:54","guid":{"rendered":"https:\/\/alaska-france.fr\/boutique\/?post_type=product&#038;p=2326"},"modified":"2026-03-20T19:00:49","modified_gmt":"2026-03-20T18:00:49","slug":"rouleau-acier-pleine-largeur","status":"publish","type":"product","link":"https:\/\/alaska-france.fr\/boutique\/shop\/non-classe\/rouleau-acier-pleine-largeur\/","title":{"rendered":"Rouleau acier pleine largeur"},"content":{"rendered":"<div class=\"product-desc mb-4\">\n<p><strong>Rouleau arri\u00e8re de chargement<\/strong><\/p>\n<ul>\n<li>Rouleau acier galvanis\u00e9 \u00d840 pleine largeur (1300 \u00e0 1600mm)<\/li>\n<li>Mont\u00e9 sur roulements \u00e0 billes et axe en acier traversant pour une r\u00e9sistance maximalel\u00e9g\u00e8re<\/li>\n<li>Bagues anti-vibrations en polyamide<\/li>\n<\/ul>\n<\/div>\n<div class=\"mt-5 mb-2\">\n<div class=\"d-flex flex-column flex-md-row flex-lg-column flex-xxl-row gap-0 gap-md-4 gap-lg-0 gap-xxl-4 characteristics\">\n<div class=\"w-100\">\n<div class=\"d-flex justify-content-between mb-3\">\n<div class=\"product-desc mb-4\"><\/div>\n<\/div>\n<div class=\"d-flex justify-content-between mb-3\">Compatible avec les galeries ALUMINIUM<\/div>\n<\/div>\n<\/div>\n<\/div>\n","protected":false},"excerpt":{"rendered":"<p>Ce rouleau de chargement arri\u00e8re pleine largeur (1300 \u00e0 1600mm) est con\u00e7u pour faciliter la manipulation de charges sur les galeries en aluminium.<br \/>\nFabriqu\u00e9 en acier galvanis\u00e9 et mont\u00e9 sur roulements \u00e0 billes, il garantit une r\u00e9sistance maximale et un roulement fluide.<\/p>\n","protected":false},"featured_media":2327,"comment_status":"open","ping_status":"closed","template":"","meta":[],"product_brand":[],"product_cat":[15],"product_tag":[],"class_list":{"0":"post-2326","1":"product","2":"type-product","3":"status-publish","4":"has-post-thumbnail","6":"product_cat-non-classe","8":"first","9":"instock","10":"taxable","11":"shipping-taxable","12":"product-type-simple"},"_links":{"self":[{"href":"https:\/\/alaska-france.fr\/boutique\/wp-json\/wp\/v2\/product\/2326","targetHints":{"allow":["GET"]}}],"collection":[{"href":"https:\/\/alaska-france.fr\/boutique\/wp-json\/wp\/v2\/product"}],"about":[{"href":"https:\/\/alaska-france.fr\/boutique\/wp-json\/wp\/v2\/types\/product"}],"replies":[{"embeddable":true,"href":"https:\/\/alaska-france.fr\/boutique\/wp-json\/wp\/v2\/comments?post=2326"}],"wp:featuredmedia":[{"embeddable":true,"href":"https:\/\/alaska-france.fr\/boutique\/wp-json\/wp\/v2\/media\/2327"}],"wp:attachment":[{"href":"https:\/\/alaska-france.fr\/boutique\/wp-json\/wp\/v2\/media?parent=2326"}],"wp:term":[{"taxonomy":"product_brand","embeddable":true,"href":"https:\/\/alaska-france.fr\/boutique\/wp-json\/wp\/v2\/product_brand?post=2326"},{"taxonomy":"product_cat","embeddable":true,"href":"https:\/\/alaska-france.fr\/boutique\/wp-json\/wp\/v2\/product_cat?post=2326"},{"taxonomy":"product_tag","embeddable":true,"href":"https:\/\/alaska-france.fr\/boutique\/wp-json\/wp\/v2\/product_tag?post=2326"}],"curies":[{"name":"wp","href":"https:\/\/api.w.org\/{rel}","templated":true}]}}