

{"id":2266,"date":"2025-02-10T16:52:05","date_gmt":"2025-02-10T15:52:05","guid":{"rendered":"https:\/\/alaska-france.fr\/boutique\/?post_type=product&#038;p=2266"},"modified":"2026-03-20T19:00:48","modified_gmt":"2026-03-20T18:00:48","slug":"galerie-aluminium-acier","status":"publish","type":"product","link":"https:\/\/alaska-france.fr\/boutique\/shop\/non-classe\/galerie-aluminium-acier\/","title":{"rendered":"Galerie ACIER"},"content":{"rendered":"<p><strong>Galerie\u00a0acier<\/strong><\/p>\n<ul>\n<li>Robuste<\/li>\n<li>Fonctionnelle<\/li>\n<li>Rapport qualit\u00e9 \/ prix<\/li>\n<\/ul>\n<ul>\n<li>Assemblage et pose\n<ul>\n<li>Fourgon : 1h \/2 pers<\/li>\n<\/ul>\n<\/li>\n<\/ul>\n<p><strong>Galerie compos\u00e9e de :\u00a0<\/strong><\/p>\n<ul>\n<li>Rouleau de chargement acier \u00d840 : Poss\u00e8de des roulements \u00e0 billes et des fixations inox rivet\u00e9es sur la derni\u00e8re traverse<\/li>\n<li>Longeron aluminium<\/li>\n<li>Passerelle aluminium : Antid\u00e9rapante<\/li>\n<li>Traverse : Tube rectangle 30&#215;20<\/li>\n<li>D\u00e9flecteur d&rsquo;air aluminium : Permet de r\u00e9duire les turbulences a\u00e9rodynamique<\/li>\n<li>Arceau de barri\u00e8re : Tube carr\u00e9 20&#215;20, Hauteur 100mm<\/li>\n<li>Barri\u00e8res soud\u00e9es<\/li>\n<\/ul>\n<p><strong>M\u00c9MO<\/strong><\/p>\n<ul>\n<li>100% compatible avec le porte-charge lat\u00e9ral ext\u00e9rieur<\/li>\n<li>Options galerie et arrimage signalisation<\/li>\n<li>\u00c9chelle et passerelle en option<\/li>\n<\/ul>\n<p><strong>EVOLUTION DE LA GALERIE ACIER !<\/strong><\/p>\n<ul>\n<li>Le r\u00e9glage lat\u00e9ral des supports de pieds est simplifi\u00e9 car mont\u00e9 d&rsquo;usine<\/li>\n<li>Le syst\u00e8me \u00e9volue avec des plaques de sanglages lat\u00e9rales<\/li>\n<li>Un emplacement vous est d\u00e9di\u00e9 pour la pose de votre logo<\/li>\n<li>Pour une meilleure r\u00e9sistance dans le temps, les pattes des rouleaux sont d\u00e9sormais soud\u00e9es<\/li>\n<\/ul>\n","protected":false},"excerpt":{"rendered":"<p>Cette galerie robuste et fonctionnelle offre un excellent rapport qualit\u00e9\/prix en combinant la force de l&rsquo;acier et la l\u00e9g\u00e8ret\u00e9 de l&rsquo;aluminium.<br \/>\n\u00c9quip\u00e9e de s\u00e9rie d&rsquo;un rouleau de chargement en acier, d&rsquo;une passerelle et d&rsquo;un d\u00e9flecteur, sa conception a \u00e9t\u00e9 am\u00e9lior\u00e9e pour une durabilit\u00e9 maximale.<\/p>\n","protected":false},"featured_media":4877,"comment_status":"open","ping_status":"closed","template":"","meta":[],"product_brand":[],"product_cat":[15],"product_tag":[],"class_list":{"0":"post-2266","1":"product","2":"type-product","3":"status-publish","4":"has-post-thumbnail","6":"product_cat-non-classe","8":"first","9":"instock","10":"taxable","11":"shipping-taxable","12":"product-type-simple"},"_links":{"self":[{"href":"https:\/\/alaska-france.fr\/boutique\/wp-json\/wp\/v2\/product\/2266","targetHints":{"allow":["GET"]}}],"collection":[{"href":"https:\/\/alaska-france.fr\/boutique\/wp-json\/wp\/v2\/product"}],"about":[{"href":"https:\/\/alaska-france.fr\/boutique\/wp-json\/wp\/v2\/types\/product"}],"replies":[{"embeddable":true,"href":"https:\/\/alaska-france.fr\/boutique\/wp-json\/wp\/v2\/comments?post=2266"}],"wp:featuredmedia":[{"embeddable":true,"href":"https:\/\/alaska-france.fr\/boutique\/wp-json\/wp\/v2\/media\/4877"}],"wp:attachment":[{"href":"https:\/\/alaska-france.fr\/boutique\/wp-json\/wp\/v2\/media?parent=2266"}],"wp:term":[{"taxonomy":"product_brand","embeddable":true,"href":"https:\/\/alaska-france.fr\/boutique\/wp-json\/wp\/v2\/product_brand?post=2266"},{"taxonomy":"product_cat","embeddable":true,"href":"https:\/\/alaska-france.fr\/boutique\/wp-json\/wp\/v2\/product_cat?post=2266"},{"taxonomy":"product_tag","embeddable":true,"href":"https:\/\/alaska-france.fr\/boutique\/wp-json\/wp\/v2\/product_tag?post=2266"}],"curies":[{"name":"wp","href":"https:\/\/api.w.org\/{rel}","templated":true}]}}