

{"id":18635,"date":"2026-04-29T17:08:51","date_gmt":"2026-04-29T15:08:51","guid":{"rendered":"https:\/\/alaska-france.fr\/boutique\/?post_type=product&#038;p=18635"},"modified":"2026-04-29T17:25:44","modified_gmt":"2026-04-29T15:25:44","slug":"l-flex-echelle-telescopique","status":"publish","type":"product","link":"https:\/\/alaska-france.fr\/boutique\/produit\/l-flex-echelle-telescopique\/","title":{"rendered":"L-Flex (\u00e9chelle t\u00e9lescopique)"},"content":{"rendered":"<p>Acc\u00e9dez \u00e0 votre chargement en toute s\u00e9curit\u00e9, sans jamais poser le pied sur le toit.<\/p>\n<ul>\n<li>L&rsquo;\u00e9chelle se pose au sol et s&rsquo;accroche<br \/>\n\u00e0 la barre \u00e0 rouleau ou \u00e0 la barri\u00e8re lat\u00e9rale. Elle permet un acc\u00e8s \u00e0 hauteur de galerie (sans monter sur le toit).<\/li>\n<li>Compacte et se range facilement \u00e0 l&rsquo;int\u00e9rieur<br \/>\ndu v\u00e9hicule.<\/li>\n<li>2 dimensions possibles en stock suivant la hauteur<br \/>\ndu v\u00e9hicule : 128&#215;260 cm ou 167&#215;299 cm.<br \/>\n(Autres dimensions sur demande)<\/li>\n<\/ul>\n","protected":false},"excerpt":{"rendered":"<p>Acc\u00e9dez \u00e0 votre chargement en toute s\u00e9curit\u00e9, sans jamais poser le pied sur le toit. L&rsquo;\u00e9chelle se pose au sol et s&rsquo;accroche \u00e0 la barre \u00e0 rouleau ou \u00e0 la barri\u00e8re lat\u00e9rale. Elle permet un&hellip;<\/p>\n","protected":false},"featured_media":18636,"comment_status":"open","ping_status":"closed","template":"","meta":[],"product_brand":[],"product_cat":[15],"product_tag":[],"class_list":{"0":"post-18635","1":"product","2":"type-product","3":"status-publish","4":"has-post-thumbnail","6":"product_cat-non-classe","8":"first","9":"instock","10":"taxable","11":"shipping-taxable","12":"product-type-simple"},"_links":{"self":[{"href":"https:\/\/alaska-france.fr\/boutique\/wp-json\/wp\/v2\/product\/18635","targetHints":{"allow":["GET"]}}],"collection":[{"href":"https:\/\/alaska-france.fr\/boutique\/wp-json\/wp\/v2\/product"}],"about":[{"href":"https:\/\/alaska-france.fr\/boutique\/wp-json\/wp\/v2\/types\/product"}],"replies":[{"embeddable":true,"href":"https:\/\/alaska-france.fr\/boutique\/wp-json\/wp\/v2\/comments?post=18635"}],"wp:featuredmedia":[{"embeddable":true,"href":"https:\/\/alaska-france.fr\/boutique\/wp-json\/wp\/v2\/media\/18636"}],"wp:attachment":[{"href":"https:\/\/alaska-france.fr\/boutique\/wp-json\/wp\/v2\/media?parent=18635"}],"wp:term":[{"taxonomy":"product_brand","embeddable":true,"href":"https:\/\/alaska-france.fr\/boutique\/wp-json\/wp\/v2\/product_brand?post=18635"},{"taxonomy":"product_cat","embeddable":true,"href":"https:\/\/alaska-france.fr\/boutique\/wp-json\/wp\/v2\/product_cat?post=18635"},{"taxonomy":"product_tag","embeddable":true,"href":"https:\/\/alaska-france.fr\/boutique\/wp-json\/wp\/v2\/product_tag?post=18635"}],"curies":[{"name":"wp","href":"https:\/\/api.w.org\/{rel}","templated":true}]}}