

{"id":18610,"date":"2026-04-29T13:55:09","date_gmt":"2026-04-29T11:55:09","guid":{"rendered":"https:\/\/alaska-france.fr\/boutique\/?post_type=product&#038;p=18610"},"modified":"2026-04-29T14:25:07","modified_gmt":"2026-04-29T12:25:07","slug":"porte-tubes-aluminium-anodise","status":"publish","type":"product","link":"https:\/\/alaska-france.fr\/boutique\/produit\/porte-tubes-aluminium-anodise\/","title":{"rendered":"Porte-tubes aluminium anodis\u00e9"},"content":{"rendered":"<p>Transportez vos tubes et tuyaux en toute s\u00e9curit\u00e9 avec notre porte-tubes en aluminium anodis\u00e9 \u00d8 127 mm : robuste, verrouillable et con\u00e7u pour une fixation simple sur votre galerie, il allie solidit\u00e9, praticit\u00e9 et protection optimale jusqu\u2019\u00e0 6 m\u00e8tres de longueur.<\/p>\n<p>&nbsp;<\/p>\n<ul>\n<li>2 \u00e0 6 m de longueur. Fixation \u00e0 l&rsquo;int\u00e9rieur ou \u00e0 l\u2019ext\u00e9rieur de la galerie<\/li>\n<li>Fond renforc\u00e9 en t\u00f4le alu de 5 mm d\u2019\u00e9paisseur \u00d8 127 mm<\/li>\n<\/ul>\n<p>&nbsp;<\/p>\n","protected":false},"excerpt":{"rendered":"<p>Transportez vos tubes et tuyaux en toute s\u00e9curit\u00e9 avec notre porte-tubes en aluminium anodis\u00e9 \u00d8 127 mm : robuste, verrouillable et con\u00e7u pour une fixation simple sur votre galerie, il allie solidit\u00e9, praticit\u00e9 et protection&hellip;<\/p>\n","protected":false},"featured_media":18615,"comment_status":"open","ping_status":"closed","template":"","meta":[],"product_brand":[],"product_cat":[15],"product_tag":[],"class_list":{"0":"post-18610","1":"product","2":"type-product","3":"status-publish","4":"has-post-thumbnail","6":"product_cat-non-classe","8":"first","9":"instock","10":"taxable","11":"shipping-taxable","12":"product-type-simple"},"_links":{"self":[{"href":"https:\/\/alaska-france.fr\/boutique\/wp-json\/wp\/v2\/product\/18610","targetHints":{"allow":["GET"]}}],"collection":[{"href":"https:\/\/alaska-france.fr\/boutique\/wp-json\/wp\/v2\/product"}],"about":[{"href":"https:\/\/alaska-france.fr\/boutique\/wp-json\/wp\/v2\/types\/product"}],"replies":[{"embeddable":true,"href":"https:\/\/alaska-france.fr\/boutique\/wp-json\/wp\/v2\/comments?post=18610"}],"wp:featuredmedia":[{"embeddable":true,"href":"https:\/\/alaska-france.fr\/boutique\/wp-json\/wp\/v2\/media\/18615"}],"wp:attachment":[{"href":"https:\/\/alaska-france.fr\/boutique\/wp-json\/wp\/v2\/media?parent=18610"}],"wp:term":[{"taxonomy":"product_brand","embeddable":true,"href":"https:\/\/alaska-france.fr\/boutique\/wp-json\/wp\/v2\/product_brand?post=18610"},{"taxonomy":"product_cat","embeddable":true,"href":"https:\/\/alaska-france.fr\/boutique\/wp-json\/wp\/v2\/product_cat?post=18610"},{"taxonomy":"product_tag","embeddable":true,"href":"https:\/\/alaska-france.fr\/boutique\/wp-json\/wp\/v2\/product_tag?post=18610"}],"curies":[{"name":"wp","href":"https:\/\/api.w.org\/{rel}","templated":true}]}}