

{"id":16885,"date":"2026-03-18T14:18:36","date_gmt":"2026-03-18T13:18:36","guid":{"rendered":"https:\/\/alaska-france.fr\/boutique\/?post_type=product&#038;p=16885"},"modified":"2026-03-23T11:09:38","modified_gmt":"2026-03-23T10:09:38","slug":"mvp-4000-mul-t-lock","status":"publish","type":"product","link":"https:\/\/alaska-france.fr\/boutique\/shop\/non-classe\/mvp-4000-mul-t-lock\/","title":{"rendered":"MVP 4000 MUL-T-LOCK"},"content":{"rendered":"<table style=\"border-collapse: collapse; width: 100%;\">\n<tbody>\n<tr>\n<td style=\"width: 1.34168%;\"><\/td>\n<td style=\"width: 98.6583%;\">\n<p data-path-to-node=\"4\"><span style=\"font-family: apple-system, BlinkMacSystemFont, 'Segoe UI', Roboto, Helvetica, Arial, sans-serif; font-size: 16px;\"><b data-path-to-node=\"4\" data-index-in-node=\"0\">La serrure la plus s\u00e9curis\u00e9e du march\u00e9: la MVP4000 de MUL-T-LOCK, 5 points de verrouillage!.<\/b><\/span><\/p>\n<p data-path-to-node=\"4\"><span style=\"font-family: apple-system, BlinkMacSystemFont, 'Segoe UI', Roboto, Helvetica, Arial, sans-serif; font-size: 16px;\">Actuellement la serrure la plus s\u00e9curis\u00e9e du march\u00e9, ce syst\u00e8me premium offre une protection in\u00e9gal\u00e9e avec <b data-path-to-node=\"5\" data-index-in-node=\"107\">3 points de verrouillage sur les portes arri\u00e8re et 2 points sur la porte lat\u00e9rale*<\/b>. Un v\u00e9ritable bouclier pour votre espace de chargement. <i data-path-to-node=\"5\" data-index-in-node=\"245\">(*\u00c0 noter : la double s\u00e9curit\u00e9 2 points n&rsquo;est pas encore disponible pour tous les mod\u00e8les de v\u00e9hicule).<\/i><\/span><\/p>\n<p data-path-to-node=\"6\"><span style=\"font-family: apple-system, BlinkMacSystemFont, 'Segoe UI', Roboto, Helvetica, Arial, sans-serif; font-size: 16px;\"><b data-path-to-node=\"6\" data-index-in-node=\"0\">\ud83d\udd12 Agr\u00e9\u00e9e CNPP : La garantie d&rsquo;une s\u00e9curit\u00e9 maximale<\/b> L\u00e9ger \u00e0 l&rsquo;usage mais extr\u00eamement robuste, le syst\u00e8me MVP4000 est certifi\u00e9 par le CNPP (Centre National de Pr\u00e9vention et de Protection), vous garantissant une tr\u00e8s haute r\u00e9sistance face aux tentatives de crochetage et de per\u00e7age.<\/span><\/p>\n<p data-path-to-node=\"7\"><span style=\"font-family: apple-system, BlinkMacSystemFont, 'Segoe UI', Roboto, Helvetica, Arial, sans-serif; font-size: 16px;\"><b data-path-to-node=\"7\" data-index-in-node=\"0\">\ud83d\udee1\ufe0f Un syst\u00e8me ind\u00e9pendant pour d\u00e9jouer les m\u00e9thodes de vol<\/b> La serrure MVP4000 n&rsquo;est volontairement <b data-path-to-node=\"7\" data-index-in-node=\"100\">pas coupl\u00e9e \u00e0 la fermeture centralis\u00e9e<\/b> de votre v\u00e9hicule. Ce choix technique est primordial : la technique de vol la plus courante consiste \u00e0 briser la petite vitre c\u00f4t\u00e9 chauffeur pour passer le bras et appuyer sur le bouton de d\u00e9verrouillage central des portes. Avec notre syst\u00e8me ind\u00e9pendant, m\u00eame si un intrus acc\u00e8de \u00e0 la cabine de conduite, votre cargaison reste totalement verrouill\u00e9e et inaccessible.<\/span><\/p>\n<p data-path-to-node=\"8\"><span style=\"font-family: apple-system, BlinkMacSystemFont, 'Segoe UI', Roboto, Helvetica, Arial, sans-serif; font-size: 16px;\"><b data-path-to-node=\"8\" data-index-in-node=\"0\">\ud83d\udd11 Une gestion des cl\u00e9s haute s\u00e9curit\u00e9<\/b> Priorisez la s\u00e9curit\u00e9 de votre cargaison gr\u00e2ce au cylindre brevet\u00e9 Mul-T-Lock int\u00e9gr\u00e9. Nos cylindres brevet\u00e9s offrent un contr\u00f4le optimal sur la duplication de cl\u00e9s pour votre plus grande s\u00e9r\u00e9nit\u00e9. Le MVP\u21224000 est disponible sous plusieurs plateformes de cylindres diff<span class=\"citation-172 citation-173 citation-end-173\">\u00e9rentes avec plusieurs options de d\u00e9verrouillage :<\/span><\/span><\/p>\n<ul data-path-to-node=\"9\">\n<li>\n<p data-path-to-node=\"9,0,0\"><span class=\"citation-170 citation-171 citation-end-171\" style=\"font-family: apple-system, BlinkMacSystemFont, 'Segoe UI', Roboto, Helvetica, Arial, sans-serif; font-size: 16px;\">\u2022 Cl\u00e9s diff\u00e9rentes<\/span><\/p>\n<\/li>\n<li>\n<p data-path-to-node=\"9,1,0\"><span class=\"citation-168 citation-169 citation-end-169\" style=\"font-family: apple-system, BlinkMacSystemFont, 'Segoe UI', Roboto, Helvetica, Arial, sans-serif; font-size: 16px;\">\u2022 Cl\u00e9 unique<\/span><\/p>\n<\/li>\n<li>\n<p data-path-to-node=\"9,2,0\"><span class=\"citation-166 citation-167 citation-end-167\" style=\"font-family: apple-system, BlinkMacSystemFont, 'Segoe UI', Roboto, Helvetica, Arial, sans-serif; font-size: 16px;\">\u2022 Organigramme<\/span><\/p>\n<div class=\"source-inline-chip-container ng-star-inserted\"><\/div>\n<\/li>\n<\/ul>\n<p id=\"p-rc_ac2eb7131e45bca9-25\" data-path-to-node=\"10\"><span style=\"font-family: apple-system, BlinkMacSystemFont, 'Segoe UI', Roboto, Helvetica, Arial, sans-serif; font-size: 16px;\"><b data-path-to-node=\"10\" data-index-in-node=\"0\"><span class=\"citation-164 citation-165 citation-end-165\">\u2699\ufe0f Installation sur-mesure<\/span><\/b> <span class=\"citation-162 citation-163 citation-end-163\">La serrure s&rsquo;int\u00e8gre parfaitement \u00e0 l&rsquo;ext\u00e9rieur de votre v\u00e9<\/span><span class=\"citation-162 citation-end-162\">hicule. Elle<\/span> est fournie avec un kit d&rsquo;installation sp\u00e9cifique, d\u00e9velopp\u00e9 et adapt\u00e9 pour \u00e9pouser la carrosserie de chaque mod\u00e8le d&rsquo;utilitaire.<\/span><\/p>\n<\/td>\n<\/tr>\n<\/tbody>\n<\/table>\n<p>&nbsp;<\/p>\n","protected":false},"excerpt":{"rendered":"<p>La serrure la plus s\u00e9curis\u00e9e du march\u00e9: la MVP4000 de MUL-T-LOCK, 5 points de verrouillage!. Actuellement la serrure la plus s\u00e9curis\u00e9e du march\u00e9, ce syst\u00e8me premium offre une protection in\u00e9gal\u00e9e avec 3 points de verrouillage&hellip;<\/p>\n","protected":false},"featured_media":17162,"comment_status":"open","ping_status":"closed","template":"","meta":[],"product_brand":[],"product_cat":[15],"product_tag":[],"class_list":{"0":"post-16885","1":"product","2":"type-product","3":"status-publish","4":"has-post-thumbnail","6":"product_cat-non-classe","8":"first","9":"instock","10":"taxable","11":"shipping-taxable","12":"product-type-simple"},"_links":{"self":[{"href":"https:\/\/alaska-france.fr\/boutique\/wp-json\/wp\/v2\/product\/16885","targetHints":{"allow":["GET"]}}],"collection":[{"href":"https:\/\/alaska-france.fr\/boutique\/wp-json\/wp\/v2\/product"}],"about":[{"href":"https:\/\/alaska-france.fr\/boutique\/wp-json\/wp\/v2\/types\/product"}],"replies":[{"embeddable":true,"href":"https:\/\/alaska-france.fr\/boutique\/wp-json\/wp\/v2\/comments?post=16885"}],"wp:featuredmedia":[{"embeddable":true,"href":"https:\/\/alaska-france.fr\/boutique\/wp-json\/wp\/v2\/media\/17162"}],"wp:attachment":[{"href":"https:\/\/alaska-france.fr\/boutique\/wp-json\/wp\/v2\/media?parent=16885"}],"wp:term":[{"taxonomy":"product_brand","embeddable":true,"href":"https:\/\/alaska-france.fr\/boutique\/wp-json\/wp\/v2\/product_brand?post=16885"},{"taxonomy":"product_cat","embeddable":true,"href":"https:\/\/alaska-france.fr\/boutique\/wp-json\/wp\/v2\/product_cat?post=16885"},{"taxonomy":"product_tag","embeddable":true,"href":"https:\/\/alaska-france.fr\/boutique\/wp-json\/wp\/v2\/product_tag?post=16885"}],"curies":[{"name":"wp","href":"https:\/\/api.w.org\/{rel}","templated":true}]}}